e
Let q = -147095 + 1939524. Is q a composite number?
True
Let f = 550 - 2052. Let b = -615 - f. Is b composite?
False
Let z be (((-30)/9)/5)/(2/(-36)). Suppose -1617 - 7479 = -z*g. Suppose 5*h = g + 437. Is h prime?
True
Let k = 243 + -241. Suppose 4*p = 5*w + 27797, 4*p + 6*w - 27824 = k*w. Is p a prime number?
False
Suppose -40 = -2*z - 2*w + 20, -2*z - 5*w + 54 = 0. Let d = 34 - z. Suppose p - 2316 = -d*g + 6*p, 2*p + 5811 = 5*g. Is g prime?
True
Let h(f) = -13*f**3 - 22*f**2 + 143*f + 187. Is h(-20) composite?
True
Let w(p) = -5986*p + 623. Is w(-5) prime?
True
Let t = 59 + -54. Suppose 0 = -5*s - t*j + 20, 4*s + 3*j - 18 = -s. Suppose -s*h - 228 + 1145 = 2*u, 0 = 5*u + 3*h - 2288. Is u a composite number?
False
Let a(i) = -i**3 + 3*i**2 + 6*i - 11. Let d be a(2). Suppose 18989 = 3*k - s + 2120, 0 = k + d*s - 5623. Is k composite?
False
Let s = 26 - 24. Suppose -4*f = -12, -4*f = s*x - 1015 - 3303. Is x a composite number?
False
Let p(u) = 46*u**3 - 4*u**2 - 8*u + 22. Let l be p(3). Suppose 5*v = r + l - 13567, -2*v + 24678 = 2*r. Is r a composite number?
False
Let u(s) = -562*s - 48. Let n be u(3). Let k = -667 - n. Is k a prime number?
False
Suppose 5*a - a - 3*h = 5200, 1285 = a + 3*h. Let y = a - 3331. Let b = y - -3473. Is b composite?
False
Let s be 153*(-5 - 12/(-2)). Suppose 10*d + s = -7*d. Let f = d + 220. Is f a composite number?
False
Let x(b) = 11*b**2 + 202*b + 919. Is x(84) a composite number?
True
Let b(f) = -890*f - 109. Let j be b(-15). Suppose -y + 0*i = -3*i - 4411, 3*y = 5*i + j. Is y prime?
False
Let w(f) = -84 - 82 + 314 + 190*f - 76 - 71. Let r(u) = u**2 + 5*u - 5. Let s be r(-6). Is w(s) a composite number?
False
Let m(f) = f**2 + 2*f + 10903. Suppose 0 = 2*s - 28*s. Is m(s) composite?
False
Let f(u) = -403*u**3 + 15*u**2 - 12*u - 3. Let g be f(-6). Suppose 26852 + 25739 = 3*r + 4*v, 5*r = -4*v + g. Is r prime?
False
Is (-10 + 476/49)/((-8)/16511908) a composite number?
False
Suppose 17265 - 7190 = c + 4*b, -5*b + 60564 = 6*c. Is c composite?
False
Suppose -4*o - 2*h = o + 1331, 524 = -2*o - 5*h. Let u = o - -854. Let v = 1070 + u. Is v a prime number?
True
Suppose 3*u - 20*v + 14894 = -21*v, 5*u = -3*v - 24826. Let g = u - -7185. Is g a composite number?
False
Let r(f) = 2*f - 20. Let k be r(11). Let s be k/(-7) - 79/(-7). Let t = s + 382. Is t a prime number?
False
Let u(x) = -173*x**3 + 7*x**2 + 38*x + 7. Is u(-6) prime?
False
Let f(j) = 8*j**2 - 18*j - 19. Let r be ((-16)/12)/((-6)/(-9)). Let i be r/(-13) - 501/(-39). Is f(i) a prime number?
False
Let l = -5397 - -8500. Let b = l + -1446. Is b composite?
False
Let m(x) = x**2 + x. Let c be m(0). Suppose -3*y - 10 + 28 = c. Is (-1593)/y*8/(-12) a composite number?
True
Let u = 10442 - 4838. Suppose 2*y - 8510 - u = 0. Is y composite?
False
Let o(v) = 59*v + 86. Let g be o(21). Let t = 962 + g. Is t prime?
True
Suppose -4*u = -2*a - 7031 + 113841, -5*a - 3*u = -266947. Is a a composite number?
True
Let d be (33/(-6))/((-33)/6 + 5). Suppose -d*z - 2*q + 6088 = -7*z, 3*z - 2*q = 4566. Is z prime?
False
Let l = -681 + 1050. Let h = -156 - -254. Let j = l - h. Is j composite?
False
Let i = 56 + -52. Let f be 2/4*1 - 2/i. Suppose -5*z - 708 = -9*z - t, f = 5*z - 5*t - 910. Is z a prime number?
False
Suppose 23*s = -41*s + 5709 + 10995. Suppose -3*x + 6770 = -3*l - 8587, 2*x + 4*l = 10262. Suppose -4*g = -s - x. Is g prime?
False
Suppose y + 3 = 0, 4*z - 5*y - 16 = 55. Let t be (843/(-42) + 8/z)*-30. Let a = -274 + t. Is a a composite number?
False
Let b = 46 + -44. Let u be (36/(-15))/(b/10*-2). Suppose -10*q = -u*q - 3676. Is q prime?
True
Let o(t) = -t**3 + 48*t**2 - 235*t + 37. Is o(42) a composite number?
False
Suppose -2*x - 4*j = -6*x + 40, 2*x = 4*j + 26. Suppose u = x*u - 40038. Is u prime?
True
Let a(u) = 13091*u + 5. Let m be a(5). Suppose -3*x = 9*x + m. Let h = x + 9276. Is h a prime number?
True
Let r(f) = -706*f - 63. Is r(-2) prime?
False
Is 2 + (-799700)/(-4) + (-72)/(-18) prime?
True
Let h = -60 + 102. Suppose -8*i - 404 = 308. Let n = h - i. Is n a prime number?
True
Suppose 21077404 + 49540010 = 58*s + 56*s. Is s a composite number?
True
Let l be -7 + 7 + 183 + -7. Suppose -l - 87 = -n. Is n prime?
True
Let m(i) = -51*i**3 + 15*i**2 + 9*i + 3. Let o(c) = c**3 - c + 1. Let r(n) = m(n) - 5*o(n). Is r(-9) a prime number?
True
Let h = -227944 + 319838. Suppose -17*k = 5*k - h. Is k a composite number?
False
Let z(q) = -q**3 + 12*q**2 + 15*q - 14. Let h be z(13). Suppose 3*p - 5*p + h = 0. Suppose p - 571 = -x. Is x a prime number?
False
Let z(a) = 689*a**2 + 158*a + 1003. Is z(-20) a composite number?
True
Let h(v) = -34*v**2 + 12*v - 56. Let k be h(18). Let y = k - -17205. Is y composite?
True
Suppose 0 = -2*g + 5*g - w - 8300, 5*g - 3*w = 13832. Is g a prime number?
True
Suppose 15 - 3 = 6*z. Suppose -904 = z*y - 10*y. Is y a composite number?
False
Let t be 2/5 - ((-135)/(-25) + -2). Is (t - 0 - 3) + (1 - -22304) composite?
True
Let f be 1764217/221 - (-1 + 15/17). Suppose -24*u + 33*u - f = 0. Is u prime?
True
Is (86/(-4))/((-8)/(-29968)*(-8 - -7)) prime?
False
Let h = 110 + -105. Suppose -h*r + 3409 = 3*l - 1670, 3*r = 5*l - 8465. Is l a prime number?
True
Suppose -1481*v - 24477985 = -1516*v. Is v a prime number?
False
Suppose 4*p = -5*r + 32423, 0 = p + 5*r - 7495 - 622. Suppose 2*a - 2*l - 2072 = 1172, 5*a - p = l. Let q = -113 + a. Is q prime?
False
Let x = -29906 + 50577. Suppose -5*m + 27324 = -x. Is m prime?
False
Let n(g) = -10*g - 71. Let b be n(-7). Let c(r) = 630*r**2 + 10*r + 11. Is c(b) prime?
True
Suppose -i + 4*i = 6. Suppose -j - 1 = -i. Is 5 + j/(1/1262) composite?
True
Is 20 + 28 + -53 + (2454936/2)/1 a prime number?
True
Suppose -4*a + 70761 = f, -14*f = -10*f - 8*a - 282996. Is f a prime number?
True
Let c = 8636 - 65. Is c a composite number?
True
Let g(b) = -b**3 + 15*b**2 - b + 21. Let v be g(15). Let w be (16/v)/(3/27). Let u = 79 + w. Is u prime?
True
Let v be (-26)/117 - 259/9. Let i = 31 + v. Suppose 3*j - 1219 = -4*p, -i*j = 2*j - 20. Is p prime?
False
Let i(o) = o**2 + 9*o + 3. Let m(q) = 3*q**2 + 2. Let f be m(2). Suppose -f*y + 26 = -12*y. Is i(y) prime?
False
Let w(f) be the third derivative of 473*f**5/60 - 7*f**4/24 - 5*f**3/6 + 29*f**2 + 2*f. Is w(-2) a composite number?
False
Suppose 2*a - 499394 = -2*k, k + 52*a - 249721 = 55*a. Is k a composite number?
False
Suppose 4*u - 2*z + 39 = 167, 33 = u - z. Suppose 18836 + 3143 = u*l. Is l a prime number?
True
Suppose 18*u = 17*u + 6. Is 9/u + 6950/4 a prime number?
False
Let c(r) = r**2 + 9*r + 17. Let x be c(-6). Let p be (-1 - 2936)*-1*x/(-1). Suppose 0*i - 5*m = 3*i - p, -m = 5*i - 4895. Is i prime?
False
Suppose -2*t - 10 = -20. Suppose 0 = -o + t*o - 2*w - 18, -4*o + 14 = 2*w. Suppose 4*d - 4*z - 44 = 252, 2*d - o*z - 142 = 0. Is d composite?
True
Let y(b) = -b**3 + 4*b**2 + 288*b - 112. Is y(-67) a prime number?
True
Suppose 0 = -5*d - 4*t + 2*t + 38555, 2*d + 3*t - 15422 = 0. Is d composite?
True
Is 6/10*-9*(-2)/(-54)*-1346295 composite?
True
Let g(f) = -14*f**3 - 5*f**2 - 13. Let m(z) = -14*z**3 - 6*z**2 - 2*z - 14. Let c(u) = -5*g(u) + 4*m(u). Is c(4) a prime number?
False
Let v(j) = 363*j**3 - 13*j**2 + 21*j - 16. Is v(7) a composite number?
True
Let w = 5 + -8. Let s(r) be the third derivative of -17*r**6/30 + r**5/60 - 5*r**4/24 + 7*r**3/6 - 53*r**2 - 3*r. Is s(w) a composite number?
False
Let i(s) = s**3 - 18*s**2 + 17*s + 13. Let a = -12 - -29. Let c be i(a). Let u(b) = b**2 - b - 29. Is u(c) a composite number?
False
Let s = -326507 + 522620. Is s a composite number?
True
Let q(y) = -43488*y - 77. Let u be q(-3). Suppose -2*j + 25*j - u = 0. Is j prime?
True
Suppose 0 = -4*h - 4*y - 87884, 4*h + 5*y = 4*y - 87893. Let v = h - -36760. Is v a composite number?
True
Let o be (17046/(-4))/1 + (-27)/(-54). Let s = -9055 - o. Is s/(-4)*8/12 composite?
True
Let h(i) = -146*i - 11. Let u = -49 - -54. Suppose 2*z + 28 = 4*a, u*z - 4*a + 43 = -3*a. Is h(z) composite?
True
Suppose 20*h - 18*h = -7864. Let t = 1774 + h. Let i = -659 - t. Is i a prime number?
True
Suppose -42*l + 632672 = 193100. Let r = l + -6049. Is r a composite number?
True
Suppose -16709 = -4*g - s, 0 = -9*g + 4*g - 4*s + 20900. Suppose -g = 6*d - 16662. Is d a composite number?
False
Let